 + f = b. Is f a composite number?
False
Let b(t) = 161*t + 145. Is b(20) prime?
False
Suppose 40*u - 45*u = -101845. Is u prime?
True
Let c be (-6)/(-8)*12/1. Let p(k) = k**3 + 23*k**2 - 5*k - 39. Let s be p(-18). Suppose 0 = c*w - 12*w + s. Is w composite?
False
Suppose 9 = -5*v + 24. Suppose -c + 5*k - v*k = -108, 3*c = 2*k + 320. Is c composite?
True
Is (1/4)/((-25)/(-820900)) a composite number?
False
Suppose -5*v - 1 = -16. Let i be 153/6*16/v. Is (i/(-16))/((-2)/12) a prime number?
False
Let t(n) = n**2 - 10*n. Let f(l) = -l + 7. Let y(x) = x - 13. Let j be y(9). Let i be f(j). Is t(i) a composite number?
False
Let i(u) = -538*u**2 - 2*u + 3. Let h(t) = 538*t**2 + 3*t - 3. Let j(x) = -5*h(x) - 6*i(x). Is j(-2) a composite number?
True
Suppose 0 = -5*u - 16 + 6. Is (-8463)/(-14)*u/(-3) composite?
True
Is ((-6)/4)/1 + 174139/14 a composite number?
False
Let u = 725 - 367. Let f = u + -3. Is f a composite number?
True
Suppose -5*l - 5*s = 130, 5*l - 37 = s - 137. Let w = l - -23. Is 370/1*1/w prime?
False
Let f(d) = -d**3 + 4*d**2 - 2*d - 2. Let n be f(3). Let o be 609/12 + n/4. Let v = -20 + o. Is v prime?
True
Suppose 0 = k - 5*k + 2*v + 10, -3 = -k + v. Suppose -k*w + 4*w + 3*t = 307, 0 = 4*t - 20. Is w prime?
False
Let b(c) = c + 18. Let y(u) = -u + 1. Let g(p) = -b(p) - 2*y(p). Let r be g(17). Let s(k) = -10*k**3 - 2*k**2 - 4*k + 1. Is s(r) prime?
False
Let h(j) = 587*j**2 + j - 1. Suppose -5*q + 50 = -0*q. Suppose -2*z + q - 8 = 0. Is h(z) a prime number?
True
Suppose -9*r - 905345 = -44*r. Is r a composite number?
False
Suppose -5*i = -8*i + 204. Suppose -222 = -5*a - t, 0*a + 4*a + t = 177. Suppose -i = -m + a. Is m composite?
False
Let x(q) = q**3 - 4*q**2 - 3*q + 2. Let v = 22 - 18. Let y be x(v). Is (-8)/(-20) - 1606/y prime?
False
Suppose 9*w + 14438 = 75683. Is w a composite number?
True
Let i = 27 - 33. Is 3/(i/4) - 746/(-2) a composite number?
True
Suppose 555824 = -131*h + 147*h. Is h a prime number?
True
Let f(g) = -g**3 + 7*g**2 - 5*g + 9. Is f(-10) a prime number?
True
Let p be 6/2*84/9. Let j = -20 + p. Let w = j + 41. Is w prime?
False
Suppose 0 = -15*h + 45726 - 7761. Is h a composite number?
False
Suppose -25725 = 26*g - 174731. Is g composite?
True
Let t = 23629 + 6060. Is t prime?
False
Suppose -4*p = -7*l + 3*l - 84, -4*l + 3*p = 82. Let w be 1 - 1 - -70 - -2. Let m = w + l. Is m a prime number?
True
Let o(w) = 4*w**2 + 3*w - 6. Let m be o(-4). Suppose f - m = 8. Let q = -19 + f. Is q composite?
True
Let q be (4/6)/(6/44217). Suppose h - 2*d = q, -4*h - 3*d - 202 = -19799. Is h composite?
False
Suppose -x = 2*x - 5*j - 863, 5*x = -j + 1485. Suppose 0 = b + b. Suppose -z + w + x = 83, b = -2*z - 5*w + 398. Is z a prime number?
False
Let g(d) = 1004*d**3 + 4*d**2 + 9*d - 13. Let i be (-12)/(-15)*(-5)/(-2). Let s(n) = -251*n**3 - n**2 - 2*n + 3. Let m(c) = i*g(c) + 9*s(c). Is m(-1) prime?
True
Let i(b) = 17*b - 32. Let t be i(13). Is (2/7 - (-286407)/t)*3 prime?
True
Let s = 1799 - 810. Is s a prime number?
False
Is (-3)/2 + 690481/82 a prime number?
True
Let k(s) = -s**3 - 6*s**2 - 6*s + 5. Let p be k(-4). Let h = -7 - p. Is h/(-6) + 11102/42 a composite number?
True
Let o = -993 + 1471. Is o prime?
False
Suppose -5*n + 6250 = 5*x, -2*n + n = -1. Is x a prime number?
True
Let g(c) be the second derivative of 33*c**5/20 - c**3/2 + c**2/2 + 10*c. Let t be g(2). Suppose -t = -2*y - 3*u + 39, -4*y + 580 = -2*u. Is y prime?
False
Let h(c) = 426*c - 131. Is h(14) a composite number?
True
Let w(u) be the second derivative of 2*u**3/3 + 229*u**2 + 3*u. Is w(0) a prime number?
False
Suppose 7*h + 26*h = 430683. Is h a prime number?
False
Suppose -2*v - 10*v = -14892. Is v prime?
False
Let u = 100 - 65. Suppose 29*c - u*c = -11892. Is c prime?
False
Suppose 3*o - 3 = 6. Suppose -2*h = -r - 758, r - o*r - 1897 = -5*h. Is h a composite number?
True
Let l = 27436 - -1351. Is l a prime number?
False
Suppose -9*u + 2*u - 231 = 0. Let q = u - -142. Is q composite?
False
Let f(x) = 0 + 118*x**2 - 103*x**2 - 5. Let h = 5 - 1. Is f(h) prime?
False
Let f be 25/(1269/(-318) + 4). Suppose -f = -12*p + 11402. Is p a prime number?
True
Suppose 0 = 7*c - 699 - 218. Is c a prime number?
True
Suppose k + 5*z = -85, 2*k - 6*k + 4*z - 244 = 0. Let u be 4/26 + (-315)/k. Suppose 0 = -0*j + u*j - 2*t - 17, 0 = -4*t - 4. Is j prime?
True
Suppose 2*b - 5*n = -6*n + 833, 2*b = -5*n + 813. Is b prime?
True
Suppose 0 = -g + 5*r + 323, -9 = -3*r + 3. Suppose 3*v = 5*w + 522, 0*v = -2*v + 5*w + g. Is v prime?
True
Let u = -56 - -94. Let f = 75 - u. Let h = f + -3. Is h a prime number?
False
Let u = 320 + 1372. Suppose 0 = -5*n - 3*r + 2115, -4*n - r + u = -0*n. Suppose n + 353 = 4*c. Is c a prime number?
False
Suppose -13 = -2*g + b, -2*g + 3*g = b + 8. Suppose -4*k = -5*t + 3163, 621 = -t + 2*t + g*k. Is t prime?
True
Let c = 2352 - 1032. Let x = c - 469. Is x prime?
False
Suppose 0*s = -4*q + 4*s + 88588, 0 = -2*q + 4*s + 44294. Is q prime?
True
Let q = 14364 - -4259. Is q composite?
True
Let k(c) be the third derivative of 953*c**7/5040 + c**6/360 + 3*c**5/20 + 10*c**2. Let i(t) be the third derivative of k(t). Is i(1) prime?
False
Suppose 167*f - 162*f = 815. Is -2 + (f/3 - (-38)/57) a composite number?
False
Is (1/3*2)/((-68)/(-101082)) a prime number?
True
Suppose 3*x + 3 = 0, 3*k + x = -k - 13. Let t(h) = 0*h**3 + 2*h - 5 + 4 - 14*h**3 + 4*h**2 - 18*h**3. Is t(k) a prime number?
False
Let f(r) = 20*r**3 - 2*r**2 + 5*r - 9. Is f(4) a composite number?
False
Suppose 189*r = 193*r - 34556. Is r prime?
False
Let a = 422 - 57. Suppose -292 - a = -4*g + c, 2*g + c - 321 = 0. Is g a composite number?
False
Let c(j) = 364*j**3 - 60*j + 117. Is c(2) a composite number?
False
Suppose -3838 + 25356 = 14*b. Is b composite?
True
Let p(l) = l + 1. Let o(q) = -224*q**2 + 5*q + 10. Let a(b) = -o(b) + 5*p(b). Is a(-6) a composite number?
False
Let z(l) = -l**3 + 11*l**2 - 9*l - 6. Let d be z(10). Suppose -f + 3*i = -88, 4*i - 498 = -d*f - 194. Is f prime?
True
Let l = 21628 + -4607. Is l composite?
False
Let t(a) = -89*a**3 + 11*a**2 - 37*a - 20. Is t(-9) a prime number?
False
Suppose 11*f - 24 = 10*f. Suppose 19*b - f*b = -1325. Is b a composite number?
True
Let g(h) = -7*h**2 - 17*h - 30. Let f be g(-12). Let o = f + 1277. Is o a prime number?
True
Let l(z) = -2*z + 0*z + 5*z - 11. Let r be 3*(1/3 + 0) - -11. Is l(r) a composite number?
True
Let z(d) = 2*d**3 - 2*d**2 + 2*d - 33. Is z(8) composite?
True
Let k(b) = 21*b + 26. Let i be k(8). Suppose -2*q - 4*p = -616 + i, -3*q + 5*p + 589 = 0. Is q a composite number?
True
Let m be ((-12)/(-10))/((-3)/15). Let n(i) = i**2 + 6*i + 11. Let s be n(m). Suppose -8 = -2*r, -2*r - 51 = -5*a + s. Is a composite?
True
Let s(o) = o**3 - 11*o**2 + 16*o + 37. Is s(21) a composite number?
False
Is (-4)/(-1)*(-176110)/(-88) prime?
False
Let n(f) = f**3 - 2*f**2 + 4*f - 3. Let b be n(2). Let t(k) = 4*k + 17. Is t(b) prime?
True
Suppose 0 = -2*x + 1 + 9. Suppose -2*l + 4*j + 1 = 5, 0 = 5*l + 4*j - 32. Suppose -x*r = -l*r - 35. Is r composite?
True
Let g = 28473 + -13550. Is g composite?
False
Suppose -934472 = -17*n - 165817. Is n composite?
True
Suppose 14*k - 6392 = 13*k - 5*f, 2*f = -3*k + 19137. Is k prime?
False
Let f = -11 - -1. Let c be (-30)/(-9)*(-24)/f. Is ((-40)/c)/(1/(-5)) composite?
True
Let s be (3/5)/(17/170). Suppose -3*l - s = d - 2*d, 0 = 5*d + 2*l - 13. Is (-2*d - 1)*-7 composite?
True
Suppose 0 = -n + 4*l + 29849, 0 = 44*n - 47*n - l + 89495. Is n a composite number?
False
Let s = 48 + -39. Is (-23543)/(-117) - 2/s composite?
True
Let o = 5279 + -3068. Suppose -4*i + 1771 = l, -5*i - 2*l - 2*l = -o. Is i a prime number?
True
Suppose -17*k + 127230 = 15047. Is k a prime number?
True
Suppose -16257 = -24*o + 21207. Is o a composite number?
True
Suppose -80*w + 1914493 = -51*w. Is w composite?
True
Suppose -a - 4 + 7 = 0. Suppose -a*r + p + 3*p = -561, 0 = -r + p + 186. Is (r/2)/(2/4) composite?
True
Let s(r) = r**3 - 8*r**2 + 6*r + 5. Suppose -15 - 1 = -2*y. Is s(y) prime?
True
Suppose 0 = 296*q - 292*q - 28216. Is q composite?
True
Suppose -16*y = 29*y - 1197675. Is y a composite number?
True
Let p(r) = 3*r**2 + 195*r - 11. Is p(12) composite?
True
Let y = -28 - -33. Suppose -3*t = 2*f - 1097, -y*t + f + 1